n - 8 - 17 = 0. Let a be (n/(-3))/(1/(-3)). Suppose 4*g - 14 = a*d, 4*d + 3 + 0 = -5*g. What is the units digit of g?
1
Let c(v) = -31*v**3 - 2*v**2 + 2*v + 2. What is the hundreds digit of c(-2)?
2
Let l = -44 + 70. What is the tens digit of l?
2
Let d(j) = -3*j**2 + 6*j + 8. Let m(a) = -a**2 + 1. Let w(v) = d(v) - 4*m(v). What is the units digit of w(-7)?
1
Let i = 171 - 119. What is the tens digit of i?
5
Suppose h - 10 = 7. Let n = h + -10. What is the units digit of n?
7
Let m = 123 - 52. What is the tens digit of m?
7
Suppose -4 = 2*d, -2*t + 2*d + 10 = t. Suppose -5*y - 5*l - 32 - 43 = 0, -10 = 2*y - t*l. What is the units digit of 4/(-10) - 84/y?
8
Suppose 4*h + 0*y - 464 = -4*y, -5*h - y = -564. Suppose 5*w - 104 - 36 = 4*c, h = 4*w - 2*c. What is the units digit of w?
8
Let z(b) = 10*b**2 + 6*b + 2. What is the units digit of z(-2)?
0
Let d(z) be the first derivative of -z**3/3 - 13*z**2/2 - 9*z + 1. What is the tens digit of d(-7)?
3
Let z = -84 + 110. What is the tens digit of z?
2
What is the tens digit of (0 - 2) + (-9 - -26)?
1
Suppose 79 + 453 = 4*k. What is the tens digit of k?
3
Suppose -319 + 21 = -5*r - q, 0 = -4*q - 8. What is the tens digit of r?
6
Let r be 4/(-6) - (-546)/(-18). Let u = -19 - r. What is the tens digit of u?
1
Let y be (-2)/3*9/(-3). Suppose -y*m - m + 27 = w, -5*m = -4*w - 28. What is the units digit of m?
8
Let q(b) = -b - 176. Let n be q(0). Let r be (n/6)/(6/(-27)). What is the units digit of r/16 + (-1)/4?
8
What is the hundreds digit of (7 - 2107/(-6)) + (-2)/12?
3
Suppose -277 = -4*j - 0*a - 3*a, -3*a + 207 = 3*j. What is the units digit of j?
0
Suppose 5*s - 34 + 6 = 2*n, -5*n + 29 = 4*s. Let j = s - 9. Let f(m) = m**2 - 2*m - 4. What is the units digit of f(j)?
1
Let g = 1 + 0. What is the units digit of 7/g*1/1?
7
Let w = 5 + -5. Suppose 5*i + 5*s = -0*s + 115, 5*i + 2*s - 106 = w. What is the units digit of i?
0
Suppose -5*n + 4*f = -59, -4*n = -2*f - 0*f - 52. What is the units digit of n?
5
Suppose 2*j + 36 = 6*j. Suppose j - 90 = -3*d. What is the units digit of d?
7
Suppose -2*a = -3*a + 16. Suppose 0*m + 2*m = -a. Let v(h) = -2*h + 1. What is the tens digit of v(m)?
1
Let v(h) = -15*h + 1. Let u(s) = 31*s - 3. Let p(t) = 2*u(t) + 5*v(t). Let o be p(1). Let l = 2 - o. What is the units digit of l?
6
Let r be ((-1)/(-2))/(7/(-252)). Let w = r - -9. Let t = w + 16. What is the units digit of t?
7
Suppose 78 = 4*j + d + 222, 5*d = 4*j + 168. Let n = j + 73. Let a = n - 22. What is the units digit of a?
4
Let b = 7 + -9. Let v = b - 2. What is the tens digit of (-24)/(-4)*(-10)/v?
1
Suppose -v + 20 = 4*v. Suppose 5*q = 71 + v. Suppose 3*n = -j + 4*j + q, n + j = 11. What is the units digit of n?
8
Let q(w) = w**2 + 6*w + 2. Let a be q(-6). Suppose 5*l - 45 = -5*z, -a*l + 4*l = -z + 15. What is the units digit of l?
6
Suppose -x = -49 + 31. What is the units digit of x?
8
Suppose -4*q + 0*f - 85 = -f, -5*f - 79 = 4*q. What is the units digit of (-6)/q - (-117)/7?
7
Let r = -22 - -22. Suppose 10*v - 7*v - 120 = r. What is the units digit of v?
0
Suppose -114 - 78 = -3*n. What is the units digit of n?
4
Suppose 17 = z + 2*r, -r + 15 = -4*r. Let p = z + -1. What is the tens digit of p?
2
Let j be -3*(-2)/(-3)*-7. Suppose -4*z + j = -2. Let f = -3 + z. What is the units digit of f?
1
Suppose -5*q + 4 + 1 = 0. Suppose 5*i = -4*d + 3*d + q, 0 = -4*d - 4*i + 4. Let t(z) = z + 1. What is the units digit of t(d)?
2
Let c(x) = -x - 1. Suppose -5*u + 3 - 48 = 0. Let w be c(u). Suppose 0 = -5*k + 28 - w. What is the units digit of k?
4
Suppose 2*j - j = -4*v - 184, 3*v - 4*j = -138. Let f = -33 - v. What is the units digit of f?
3
Let x(t) = -t - 13. Let k(h) = h + 14. Let w(a) = -3*k(a) - 4*x(a). Let l be w(-7). Suppose -27 = -6*r + l*r - 3*u, u + 18 = 2*r. What is the units digit of r?
9
Suppose -o = 12*o - 26. What is the units digit of o?
2
What is the hundreds digit of -5 - (-10612)/44 - (-2)/(-11)?
2
Suppose 17 = b - 0*b. Let l = 27 - b. Suppose -3*w = -l - 17. What is the units digit of w?
9
Suppose -4*v - 2*l = -44, -5*v = -v - 3*l - 54. What is the units digit of v?
2
Let x(d) = d**2 - 12*d + 11. Let o = -17 + 31. What is the units digit of x(o)?
9
Suppose 2*n = -6, -n + 20 + 231 = 2*c. What is the hundreds digit of c?
1
Let k(n) = n**3. Let q be k(0). Let w be 6 - (3 + q + -1). Let o = 3 + w. What is the units digit of o?
7
Suppose 3*z - z - 6 = 0. Let o be (z/(-4))/(1/20). Let d = -11 - o. What is the units digit of d?
4
Suppose -5*c + 4*l = -20, -c - 3*l + 4 = l. What is the units digit of c?
4
Suppose -3*a = -25 + 73. Let z = a - -26. What is the tens digit of z?
1
Let d(k) = k**2 + 6*k + 4. Let w = 5 + -11. Let p be d(w). Suppose p*r - 1 = 7. What is the units digit of r?
2
Let c = 182 + -42. What is the units digit of c?
0
Let l = 96 + -10. What is the units digit of l?
6
Suppose -4*i = 12, 5*q - 8*i + 4*i - 182 = 0. What is the units digit of q?
4
Let w be 0 + (0 - 2) + 7. Let f = w - 4. Let r(t) = -t**3 + t**2 + 2*t - 1. What is the units digit of r(f)?
1
Suppose 21*t - 80 = 25*t. Let k = 41 + t. What is the tens digit of k?
2
Let a = 12 + -13. What is the tens digit of (-25)/a + -1 + 1?
2
Let a(j) = -2*j - 3. What is the units digit of a(-4)?
5
What is the hundreds digit of 563/5 - (-10)/25?
1
Let s = 0 + -4. Let w be (-154)/(-6) + s/(-12). Suppose -w = -3*y + 4. What is the tens digit of y?
1
Suppose -19*z + 23*z = 516. What is the hundreds digit of z?
1
Let l be -2*-1*76/8. Suppose -w = -10 - l. What is the units digit of w?
9
Suppose -4 = v, -5*p + 4*p + 217 = 2*v. What is the hundreds digit of p?
2
Let k(b) = -2*b + 5. Let q be k(6). Let w(u) = -u - 6. What is the units digit of w(q)?
1
Let x(d) = 2*d**2 + 3*d. Let q be x(-3). What is the units digit of (-12)/(-54) - (-79)/q?
9
Let d = 40 + -26. Let l = 5 + d. What is the units digit of l?
9
Let n be -29*((-4)/(-2) - 3). Suppose -n = -5*q + 26. Suppose -4*p = -51 + q. What is the tens digit of p?
1
Let c be 0/(4/((-2)/(-1))). Suppose c = 3*j - j. Suppose -k + 5*q + 24 = j, -k - 5*q = -0*q + 16. What is the units digit of k?
4
What is the tens digit of 14/(-49) + (-279)/(-21)?
1
Suppose 4*r + 3*o - 164 = 0, 2*r - o - 122 = -30. Suppose -x + r = x. What is the tens digit of x?
2
Let j(q) = 7*q**2 - 3*q + 3. Let c be ((-4)/10)/((-13)/65). What is the tens digit of j(c)?
2
Let o(k) = k**2 - 6*k + 14. What is the tens digit of o(6)?
1
What is the units digit of 7 + (-1 - -13)/(-3)?
3
Suppose -6*a + 339 = -315. What is the units digit of a?
9
What is the tens digit of ((-1647)/(-108))/((-2)/(-8))?
6
Let i be (-1 + -1)/(3/6). Let v(d) = -d + 1. Let s be v(i). Suppose 0 = -0*q - 4*q - 5*g + 22, -10 = s*g. What is the units digit of q?
8
Suppose 3*r + 43 = -j, -7 = 2*r - 3*j + 29. Let y(i) = i**3 + 15*i**2 - 2*i - 12. What is the tens digit of y(r)?
1
Let k(l) = l**2 - 16*l + 20. Let w be k(15). Let r(o) = o**3 + 4*o**2 - o - 2. Let x be r(-4). Suppose -x*p + 23 = w. What is the units digit of p?
9
Let y = 53 + -19. What is the tens digit of y?
3
Let c = 30 - 10. What is the units digit of c?
0
Suppose -2*r - 15 = -7*r. Suppose 3*i = -4*o + 81, -5*i + r*i + 43 = -o. What is the tens digit of i?
2
Let v(i) = 25*i**2. Suppose -x - 4 = -5*o, -3*x = 3*o - 2*o - 4. What is the units digit of v(x)?
5
What is the units digit of (-2)/((4 - 7)/15)?
0
Suppose 0 = -2*v + v + 85. What is the tens digit of v?
8
Suppose -3*b + 9 - 27 = 0. Let g = 10 + b. What is the units digit of g?
4
Let b(k) = 2*k**2. Let m be b(4). Suppose -72 = -2*y + m. What is the units digit of y/10 + (-1)/5?
5
Let j = 133 - 87. What is the units digit of j?
6
Suppose 5*l - 4 = 6. Suppose 0 = 2*p - 4 - l. What is the units digit of p?
3
Let l be (-14)/(-8) + 6/24. Suppose -l*x + 34 = -x. What is the tens digit of x?
3
Let w(y) = -2*y + 4. What is the units digit of w(-10)?
4
Suppose -350 = 3*h - 8*h. What is the tens digit of h?
7
Suppose -4 = -2*x, 2*k - 3*x + 5 = 35. What is the units digit of k?
8
Let n(d) = d**3 - 5*d**2 - 5*d + 9. Let a be n(7). Let i be 106/9 - (-16)/a. Suppose f - i = 2. What is the tens digit of f?
1
Let k(t) = t**2 + 7*t. Let w be k(-7). Suppose 0 = -s + z - 1, 3*s + w*z + 5 = 4*z. What is the units digit of (3 + s/1)/2?
2
Let y = 202 - 131. What is the